{"id":37,"date":"2016-10-16T17:33:33","date_gmt":"2016-10-16T15:33:33","guid":{"rendered":"http:\/\/www.7media.de\/wp-coaching\/?page_id=37"},"modified":"2022-11-06T16:53:48","modified_gmt":"2022-11-06T15:53:48","slug":"seo-online-beratung","status":"publish","type":"page","link":"https:\/\/www.7media.de\/blog\/seo-online-beratung\/","title":{"rendered":"Neu: SEO &#038; Content Coaching &#8211; Online!"},"content":{"rendered":"<p>[et_pb_section fb_built=&#8220;1&#8243; admin_label=&#8220;section&#8220; _builder_version=&#8220;4.16&#8243; global_colors_info=&#8220;{}&#8220;][et_pb_row _builder_version=&#8220;4.16&#8243; global_colors_info=&#8220;{}&#8220;][et_pb_column type=&#8220;4_4&#8243; _builder_version=&#8220;4.16&#8243; global_colors_info=&#8220;{}&#8220;][et_pb_post_title meta=&#8220;off&#8220; featured_image=&#8220;off&#8220; _builder_version=&#8220;4.16&#8243; global_colors_info=&#8220;{}&#8220;][\/et_pb_post_title][et_pb_text _builder_version=&#8220;4.16&#8243; global_colors_info=&#8220;{}&#8220;]<\/p>\n<p>Online Check und Face to Face Beratung f\u00fcr Ihre SEO und Ihren Content. Sie vereinbaren hier einen Termin, wir treffen uns nach unserer Vorbereitung (Checks, Analysen, Handlungsempfehlungen) \u00fcber Skype, Zoom oder TeamViewer. Ganz speziell zu Ihrer Website!<\/p>\n<p>[\/et_pb_text][et_pb_testimonial _builder_version=&#8220;4.16&#8243; global_colors_info=&#8220;{}&#8220;]<\/p>\n<p>Er kann es nicht nur hervorragend, er kann es auch noch erkl\u00e4ren! (Kunde D.H.)<\/p>\n<p>[\/et_pb_testimonial][\/et_pb_column][\/et_pb_row][et_pb_row column_structure=&#8220;1_3,2_3&#8243; padding_mobile=&#8220;off&#8220; column_padding_mobile=&#8220;on&#8220; admin_label=&#8220;row&#8220; module_id=&#8220;fragen&#8220; _builder_version=&#8220;4.16&#8243; background_size=&#8220;initial&#8220; background_position=&#8220;top_left&#8220; background_repeat=&#8220;repeat&#8220; make_fullwidth=&#8220;off&#8220; use_custom_width=&#8220;off&#8220; width_unit=&#8220;on&#8220; global_colors_info=&#8220;{}&#8220;][et_pb_column type=&#8220;1_3&#8243; _builder_version=&#8220;4.16&#8243; custom_padding=&#8220;|||&#8220; global_colors_info=&#8220;{}&#8220; custom_padding__hover=&#8220;|||&#8220;][et_pb_text admin_label=&#8220;Text&#8220; _builder_version=&#8220;4.16&#8243; background_size=&#8220;initial&#8220; background_position=&#8220;top_left&#8220; background_repeat=&#8220;repeat&#8220; use_border_color=&#8220;off&#8220; border_color=&#8220;#ffffff&#8220; border_style=&#8220;solid&#8220; global_colors_info=&#8220;{}&#8220;]<\/p>\n<p><strong>Ihre Fragen:<\/strong><\/p>\n<p>[\/et_pb_text][\/et_pb_column][et_pb_column type=&#8220;2_3&#8243; _builder_version=&#8220;4.16&#8243; custom_padding=&#8220;|||&#8220; global_colors_info=&#8220;{}&#8220; custom_padding__hover=&#8220;|||&#8220;][et_pb_text admin_label=&#8220;Text&#8220; _builder_version=&#8220;4.16&#8243; background_size=&#8220;initial&#8220; background_position=&#8220;top_left&#8220; background_repeat=&#8220;repeat&#8220; use_border_color=&#8220;off&#8220; border_color=&#8220;#ffffff&#8220; border_style=&#8220;solid&#8220; global_colors_info=&#8220;{}&#8220;]<\/p>\n<ul>\n<li>Warum\u00a0ist unsere Website<strong> im Vergleich zum Wettbewerb schlechter positioniert<\/strong>?<\/li>\n<li>Gibt es schnelle Ma\u00dfnahmen, die die <strong>Auffindbarkeit bei Google stark verbessern?<\/strong><\/li>\n<li>Wie k\u00f6nnen wir mit unseren Inhalten <strong>besser sichtbar<\/strong> werden?<\/li>\n<li>Wie k\u00f6nnen wir Adwords-Ausgaben senken, ohne Traffic zu verlieren?<\/li>\n<\/ul>\n<p>[\/et_pb_text][\/et_pb_column][\/et_pb_row][et_pb_row admin_label=&#8220;Zeile&#8220; _builder_version=&#8220;4.16&#8243; background_size=&#8220;initial&#8220; background_position=&#8220;top_left&#8220; background_repeat=&#8220;repeat&#8220; global_colors_info=&#8220;{}&#8220;][et_pb_column type=&#8220;4_4&#8243; _builder_version=&#8220;4.16&#8243; custom_padding=&#8220;|||&#8220; global_colors_info=&#8220;{}&#8220; custom_padding__hover=&#8220;|||&#8220;][et_pb_divider color=&#8220;#e09900&#8243; disabled_on=&#8220;on|on|off&#8220; admin_label=&#8220;Teiler&#8220; _builder_version=&#8220;4.16&#8243; hide_on_mobile=&#8220;on&#8220; global_colors_info=&#8220;{}&#8220;] [\/et_pb_divider][\/et_pb_column][\/et_pb_row][et_pb_row column_structure=&#8220;2_3,1_3&#8243; admin_label=&#8220;Zeile&#8220; _builder_version=&#8220;4.16&#8243; background_size=&#8220;initial&#8220; background_position=&#8220;top_left&#8220; background_repeat=&#8220;repeat&#8220; global_colors_info=&#8220;{}&#8220;][et_pb_column type=&#8220;2_3&#8243; _builder_version=&#8220;4.16&#8243; custom_padding=&#8220;|||&#8220; global_colors_info=&#8220;{}&#8220; custom_padding__hover=&#8220;|||&#8220;][et_pb_text admin_label=&#8220;Text&#8220; _builder_version=&#8220;4.16&#8243; background_size=&#8220;initial&#8220; background_position=&#8220;top_left&#8220; background_repeat=&#8220;repeat&#8220; use_border_color=&#8220;off&#8220; border_color=&#8220;#ffffff&#8220; border_style=&#8220;solid&#8220; global_colors_info=&#8220;{}&#8220;]<\/p>\n<ul>\n<li>Sehr viele Websites <strong>verschenken<\/strong> wertvolles Ranking-Potenzial<\/li>\n<li>SEO-Erfolg ist heute zu 80% eine <strong>inhaltliche Herausforderung<\/strong><\/li>\n<li>Die <strong>ersten drei Google-Positionen<\/strong> erhalten den L\u00f6wenanteil der Klicks<\/li>\n<li><strong>Technische Voraussetzungen<\/strong> m\u00fcssen nat\u00fcrlich stimmen<\/li>\n<\/ul>\n<p>&nbsp;<\/p>\n<p>[\/et_pb_text][\/et_pb_column][et_pb_column type=&#8220;1_3&#8243; _builder_version=&#8220;4.16&#8243; custom_padding=&#8220;|||&#8220; global_colors_info=&#8220;{}&#8220; custom_padding__hover=&#8220;|||&#8220;][et_pb_text admin_label=&#8220;Text&#8220; _builder_version=&#8220;4.16&#8243; background_size=&#8220;initial&#8220; background_position=&#8220;top_left&#8220; background_repeat=&#8220;repeat&#8220; use_border_color=&#8220;off&#8220; border_color=&#8220;#ffffff&#8220; border_style=&#8220;solid&#8220; global_colors_info=&#8220;{}&#8220;]<\/p>\n<p><strong>Ein paar Fakten<\/strong><\/p>\n<p>[\/et_pb_text][\/et_pb_column][\/et_pb_row][et_pb_row admin_label=&#8220;Zeile&#8220; _builder_version=&#8220;4.16&#8243; background_size=&#8220;initial&#8220; background_position=&#8220;top_left&#8220; background_repeat=&#8220;repeat&#8220; global_colors_info=&#8220;{}&#8220;][et_pb_column type=&#8220;4_4&#8243; _builder_version=&#8220;4.16&#8243; custom_padding=&#8220;|||&#8220; global_colors_info=&#8220;{}&#8220; custom_padding__hover=&#8220;|||&#8220;][et_pb_divider color=&#8220;#e09900&#8243; disabled_on=&#8220;on|on|off&#8220; admin_label=&#8220;Teiler&#8220; _builder_version=&#8220;4.16&#8243; hide_on_mobile=&#8220;on&#8220; global_colors_info=&#8220;{}&#8220;] [\/et_pb_divider][\/et_pb_column][\/et_pb_row][et_pb_row column_structure=&#8220;1_3,2_3&#8243; admin_label=&#8220;row&#8220; _builder_version=&#8220;4.16&#8243; background_size=&#8220;initial&#8220; background_position=&#8220;top_left&#8220; background_repeat=&#8220;repeat&#8220; global_colors_info=&#8220;{}&#8220;][et_pb_column type=&#8220;1_3&#8243; _builder_version=&#8220;4.16&#8243; custom_padding=&#8220;|||&#8220; global_colors_info=&#8220;{}&#8220; custom_padding__hover=&#8220;|||&#8220;][et_pb_text admin_label=&#8220;Text&#8220; _builder_version=&#8220;4.16&#8243; background_size=&#8220;initial&#8220; background_position=&#8220;top_left&#8220; background_repeat=&#8220;repeat&#8220; use_border_color=&#8220;off&#8220; border_color=&#8220;#ffffff&#8220; border_style=&#8220;solid&#8220; global_colors_info=&#8220;{}&#8220;]<\/p>\n<p><strong>Unsere L\u00f6sung<\/strong><\/p>\n<p>[\/et_pb_text][\/et_pb_column][et_pb_column type=&#8220;2_3&#8243; _builder_version=&#8220;4.16&#8243; custom_padding=&#8220;|||&#8220; global_colors_info=&#8220;{}&#8220; custom_padding__hover=&#8220;|||&#8220;][et_pb_text admin_label=&#8220;Text&#8220; _builder_version=&#8220;4.16&#8243; background_size=&#8220;initial&#8220; background_position=&#8220;top_left&#8220; background_repeat=&#8220;repeat&#8220; use_border_color=&#8220;off&#8220; border_color=&#8220;#ffffff&#8220; border_style=&#8220;solid&#8220; global_colors_info=&#8220;{}&#8220;]<\/p>\n<ul>\n<li>Pers\u00f6nliche Online SEO &amp; Content Beratung &#8211; Skype, Zoom &#8230;<\/li>\n<li>Individueller Website-Check Ihrer Homepage zur Vorbereitung<\/li>\n<li>Sie erhalten konkrete, umsetzbare Handlungsempfehlungen, auch schriftlich<\/li>\n<li>Einmalige unabh\u00e4ngige Beratung, keine Bindung<\/li>\n<\/ul>\n<p>[\/et_pb_text][\/et_pb_column][\/et_pb_row][et_pb_row admin_label=&#8220;Zeile&#8220; _builder_version=&#8220;4.16&#8243; background_size=&#8220;initial&#8220; background_position=&#8220;top_left&#8220; background_repeat=&#8220;repeat&#8220; global_colors_info=&#8220;{}&#8220;][et_pb_column type=&#8220;4_4&#8243; _builder_version=&#8220;4.16&#8243; custom_padding=&#8220;|||&#8220; global_colors_info=&#8220;{}&#8220; custom_padding__hover=&#8220;|||&#8220;][et_pb_cta title=&#8220;Quick Check und Erstberatung&#8220; button_url=&#8220;http:\/\/www.7media.de\/wp-coaching\/seo-content-quick-check\/&#8220; button_text=&#8220;Schnelle Erstberatung (2h) &#8211; Quick Check und pers\u00f6nlicher Online-Termin&#8220; admin_label=&#8220;Jetzt Termin sichern&#8220; _builder_version=&#8220;4.16&#8243; background_color=&#8220;#15b809&#8243; background_size=&#8220;initial&#8220; background_position=&#8220;top_left&#8220; background_repeat=&#8220;repeat&#8220; use_border_color=&#8220;off&#8220; border_color=&#8220;#ffffff&#8220; border_style=&#8220;solid&#8220; button_letter_spacing_hover=&#8220;0&#8243; global_colors_info=&#8220;{}&#8220; button_text_size__hover_enabled=&#8220;off&#8220; button_one_text_size__hover_enabled=&#8220;off&#8220; button_two_text_size__hover_enabled=&#8220;off&#8220; button_text_color__hover_enabled=&#8220;off&#8220; button_one_text_color__hover_enabled=&#8220;off&#8220; button_two_text_color__hover_enabled=&#8220;off&#8220; button_border_width__hover_enabled=&#8220;off&#8220; button_one_border_width__hover_enabled=&#8220;off&#8220; button_two_border_width__hover_enabled=&#8220;off&#8220; button_border_color__hover_enabled=&#8220;off&#8220; button_one_border_color__hover_enabled=&#8220;off&#8220; button_two_border_color__hover_enabled=&#8220;off&#8220; button_border_radius__hover_enabled=&#8220;off&#8220; button_one_border_radius__hover_enabled=&#8220;off&#8220; button_two_border_radius__hover_enabled=&#8220;off&#8220; button_letter_spacing__hover_enabled=&#8220;on&#8220; button_letter_spacing__hover=&#8220;0&#8243; button_one_letter_spacing__hover_enabled=&#8220;off&#8220; button_two_letter_spacing__hover_enabled=&#8220;off&#8220; button_bg_color__hover_enabled=&#8220;off&#8220; button_one_bg_color__hover_enabled=&#8220;off&#8220; button_two_bg_color__hover_enabled=&#8220;off&#8220;][\/et_pb_cta][et_pb_cta title=&#8220;Ausf\u00fchrliche Analyse und Online Beratung&#8220; button_url=&#8220;http:\/\/www.7media.de\/wp-coaching\/seo-content-analyse-beratung&#8220; button_text=&#8220;SEO &#038; Content Check &#038; Briefing &#8211; Face to Face &#8211; ab 3h&#8220; admin_label=&#8220;Jetzt Termin sichern&#8220; _builder_version=&#8220;4.16&#8243; background_color=&#8220;#ff9336&#8243; background_size=&#8220;initial&#8220; background_position=&#8220;top_left&#8220; background_repeat=&#8220;repeat&#8220; use_border_color=&#8220;off&#8220; border_color=&#8220;#ffffff&#8220; border_style=&#8220;solid&#8220; button_letter_spacing_hover=&#8220;0&#8243; global_colors_info=&#8220;{}&#8220; button_text_size__hover_enabled=&#8220;off&#8220; button_one_text_size__hover_enabled=&#8220;off&#8220; button_two_text_size__hover_enabled=&#8220;off&#8220; button_text_color__hover_enabled=&#8220;off&#8220; button_one_text_color__hover_enabled=&#8220;off&#8220; button_two_text_color__hover_enabled=&#8220;off&#8220; button_border_width__hover_enabled=&#8220;off&#8220; button_one_border_width__hover_enabled=&#8220;off&#8220; button_two_border_width__hover_enabled=&#8220;off&#8220; button_border_color__hover_enabled=&#8220;off&#8220; button_one_border_color__hover_enabled=&#8220;off&#8220; button_two_border_color__hover_enabled=&#8220;off&#8220; button_border_radius__hover_enabled=&#8220;off&#8220; button_one_border_radius__hover_enabled=&#8220;off&#8220; button_two_border_radius__hover_enabled=&#8220;off&#8220; button_letter_spacing__hover_enabled=&#8220;on&#8220; button_letter_spacing__hover=&#8220;0&#8243; button_one_letter_spacing__hover_enabled=&#8220;off&#8220; button_two_letter_spacing__hover_enabled=&#8220;off&#8220; button_bg_color__hover_enabled=&#8220;off&#8220; button_one_bg_color__hover_enabled=&#8220;off&#8220; button_two_bg_color__hover_enabled=&#8220;off&#8220;][\/et_pb_cta][\/et_pb_column][\/et_pb_row][\/et_pb_section][et_pb_section fb_built=&#8220;1&#8243; admin_label=&#8220;Sektion&#8220; _builder_version=&#8220;4.16&#8243; global_colors_info=&#8220;{}&#8220;][et_pb_row admin_label=&#8220;Zeile&#8220; _builder_version=&#8220;4.16&#8243; background_size=&#8220;initial&#8220; background_position=&#8220;top_left&#8220; background_repeat=&#8220;repeat&#8220; global_colors_info=&#8220;{}&#8220;][et_pb_column type=&#8220;4_4&#8243; _builder_version=&#8220;4.16&#8243; custom_padding=&#8220;|||&#8220; global_colors_info=&#8220;{}&#8220; custom_padding__hover=&#8220;|||&#8220;][et_pb_text admin_label=&#8220;Text&#8220; _builder_version=&#8220;4.16&#8243; background_size=&#8220;initial&#8220; background_position=&#8220;top_left&#8220; background_repeat=&#8220;repeat&#8220; text_orientation=&#8220;center&#8220; module_alignment=&#8220;center&#8220; use_border_color=&#8220;off&#8220; border_color=&#8220;#ffffff&#8220; border_style=&#8220;solid&#8220; global_colors_info=&#8220;{}&#8220;]<\/p>\n<h2>Was ist neu\u00a0an diesem\u00a0Angebot?<\/h2>\n<p>[\/et_pb_text][\/et_pb_column][\/et_pb_row][et_pb_row column_structure=&#8220;1_3,1_3,1_3&#8243; admin_label=&#8220;Zeile&#8220; _builder_version=&#8220;4.16&#8243; background_size=&#8220;initial&#8220; background_position=&#8220;top_left&#8220; background_repeat=&#8220;repeat&#8220; global_colors_info=&#8220;{}&#8220;][et_pb_column type=&#8220;1_3&#8243; _builder_version=&#8220;4.16&#8243; custom_padding=&#8220;|||&#8220; global_colors_info=&#8220;{}&#8220; custom_padding__hover=&#8220;|||&#8220;][et_pb_text admin_label=&#8220;Text&#8220; _builder_version=&#8220;4.16&#8243; background_size=&#8220;initial&#8220; background_position=&#8220;top_left&#8220; background_repeat=&#8220;repeat&#8220; use_border_color=&#8220;off&#8220; border_color=&#8220;#ffffff&#8220; border_style=&#8220;solid&#8220; global_colors_info=&#8220;{}&#8220;]<strong>Online, live, pers\u00f6nlich!<\/strong><\/p>\n<p>Durch das Online Meeting und unsere Vorbereitung entsteht Ihnen maximaler Nutzen bei einem Minimum an Zeitaufwand.<\/p>\n<p>Wir erkl\u00e4ren verst\u00e4ndlich und kompakt, wo wir Ansatzpunkte sehen. Stellen Sie Ihre R\u00fcckfragen, wir beantworten sie.<\/p>\n<p>Das Angebot richtet sich an die Unternehmensf\u00fchrung, an Marketing-Verantwortliche und Webmaster.<br \/>\n[\/et_pb_text][\/et_pb_column][et_pb_column type=&#8220;1_3&#8243; _builder_version=&#8220;4.16&#8243; custom_padding=&#8220;|||&#8220; global_colors_info=&#8220;{}&#8220; custom_padding__hover=&#8220;|||&#8220;][et_pb_text admin_label=&#8220;Text&#8220; _builder_version=&#8220;4.16&#8243; background_size=&#8220;initial&#8220; background_position=&#8220;top_left&#8220; background_repeat=&#8220;repeat&#8220; use_border_color=&#8220;off&#8220; border_color=&#8220;#ffffff&#8220; border_style=&#8220;solid&#8220; global_colors_info=&#8220;{}&#8220;]<strong>Schnelle Erkennung essentieller Probleme<\/strong><\/p>\n<p>Wir bieten den menschlichen Blick statt Roboter-Analyse.<\/p>\n<p>Wir beziehen Inhalte, Wettbewerb und das relevante Umfeld (ggf. Soziale Medien) mit ein. So erkennen wir die wichtigen Stellschrauben.<\/p>\n<p>Beseitigen\u00a0eventueller Bremskl\u00f6tze f\u00fcr das Ranking &#8211;\u00a020% des Aufwands bringen oft 80% der Wirkung.<br \/>\n[\/et_pb_text][\/et_pb_column][et_pb_column type=&#8220;1_3&#8243; _builder_version=&#8220;4.16&#8243; custom_padding=&#8220;|||&#8220; global_colors_info=&#8220;{}&#8220; custom_padding__hover=&#8220;|||&#8220;][et_pb_text admin_label=&#8220;Text&#8220; _builder_version=&#8220;4.16&#8243; background_size=&#8220;initial&#8220; background_position=&#8220;top_left&#8220; background_repeat=&#8220;repeat&#8220; use_border_color=&#8220;off&#8220; border_color=&#8220;#ffffff&#8220; border_style=&#8220;solid&#8220; global_colors_info=&#8220;{}&#8220;]<strong>\u00a0Effektiv, unkompliziert, ohne Verplichtung<\/strong><\/p>\n<p>Wir bieten ein schnelles Gesamtbild Ihrer Situation, technisch, inhaltlich, strategisch.<\/p>\n<p>Herk\u00f6mmliche Online-Tools\u00a0f\u00fcr\u00a0Website-Checks liefern bestenfalls einen Ist-Zustand ohne Kenntnis Ihrer Ziele.<\/p>\n<p>Sie sind nach dem Termin nicht an uns gebunden. Wir unterbreiten gern\u00a0ein Angebot zur kontinuierlichen Wertsteigerung per Content &amp; SEO mit 7media.<br \/>\n[\/et_pb_text][\/et_pb_column][\/et_pb_row][et_pb_row _builder_version=&#8220;4.16&#8243; global_colors_info=&#8220;{}&#8220;][et_pb_column type=&#8220;4_4&#8243; _builder_version=&#8220;4.16&#8243; global_colors_info=&#8220;{}&#8220;][et_pb_text _builder_version=&#8220;4.18.0&#8243; hover_enabled=&#8220;0&#8243; global_colors_info=&#8220;{}&#8220; sticky_enabled=&#8220;0&#8243;]<\/p>\n<h2 style=\"padding-left: 15px;\">Unser Know-How: Erfolgreiches Webdesign &amp; SEO &#8211; <em>seit 1998<\/em><\/h2>\n<p>[\/et_pb_text][\/et_pb_column][\/et_pb_row][\/et_pb_section]<\/p>\n","protected":false},"excerpt":{"rendered":"<p><a href=\"https:\/\/www.7media.de\/blog\/seo-online-beratung\/\">Zum Artikel &raquo;<\/a><\/p>\n<a href=\"https:\/\/www.7media.de\/blog\/seo-online-beratung\/\">Zum Artikel &raquo;<\/a>","protected":false},"author":1,"featured_media":0,"parent":0,"menu_order":0,"comment_status":"closed","ping_status":"closed","template":"","meta":{"_et_pb_use_builder":"on","_et_pb_old_content":"","_et_gb_content_width":"","footnotes":""},"class_list":["post-37","page","type-page","status-publish","hentry"],"yoast_head":"<!-- This site is optimized with the Yoast SEO plugin v23.3 - https:\/\/yoast.com\/wordpress\/plugins\/seo\/ -->\n<title>SEO &amp; Content Coaching von 7media<\/title>\n<meta name=\"robots\" content=\"index, follow, max-snippet:-1, max-image-preview:large, max-video-preview:-1\" \/>\n<link rel=\"canonical\" href=\"https:\/\/www.7media.de\/blog\/seo-online-beratung\/\" \/>\n<meta property=\"og:locale\" content=\"de_DE\" \/>\n<meta property=\"og:type\" content=\"article\" \/>\n<meta property=\"og:title\" content=\"SEO &amp; Content Coaching von 7media\" \/>\n<meta property=\"og:description\" content=\"Zum Artikel &raquo;\" \/>\n<meta property=\"og:url\" content=\"https:\/\/www.7media.de\/blog\/seo-online-beratung\/\" \/>\n<meta property=\"og:site_name\" content=\"7media - SEO by Content Blog\" \/>\n<meta property=\"article:publisher\" content=\"https:\/\/www.facebook.com\/7media\" \/>\n<meta property=\"article:modified_time\" content=\"2022-11-06T15:53:48+00:00\" \/>\n<meta property=\"og:image\" content=\"https:\/\/www.7media.de\/blog\/wp-content\/uploads\/2018\/12\/settings-265131_1920.jpg\" \/>\n\t<meta property=\"og:image:width\" content=\"1920\" \/>\n\t<meta property=\"og:image:height\" content=\"1280\" \/>\n\t<meta property=\"og:image:type\" content=\"image\/jpeg\" \/>\n<meta name=\"twitter:card\" content=\"summary_large_image\" \/>\n<meta name=\"twitter:label1\" content=\"Gesch\u00e4tzte Lesezeit\" \/>\n\t<meta name=\"twitter:data1\" content=\"4\u00a0Minuten\" \/>\n<script type=\"application\/ld+json\" class=\"yoast-schema-graph\">{\"@context\":\"https:\/\/schema.org\",\"@graph\":[{\"@type\":\"WebPage\",\"@id\":\"https:\/\/www.7media.de\/blog\/seo-online-beratung\/\",\"url\":\"https:\/\/www.7media.de\/blog\/seo-online-beratung\/\",\"name\":\"SEO & Content Coaching von 7media\",\"isPartOf\":{\"@id\":\"https:\/\/www.7media.de\/blog\/#website\"},\"datePublished\":\"2016-10-16T15:33:33+00:00\",\"dateModified\":\"2022-11-06T15:53:48+00:00\",\"breadcrumb\":{\"@id\":\"https:\/\/www.7media.de\/blog\/seo-online-beratung\/#breadcrumb\"},\"inLanguage\":\"de\",\"potentialAction\":[{\"@type\":\"ReadAction\",\"target\":[\"https:\/\/www.7media.de\/blog\/seo-online-beratung\/\"]}]},{\"@type\":\"BreadcrumbList\",\"@id\":\"https:\/\/www.7media.de\/blog\/seo-online-beratung\/#breadcrumb\",\"itemListElement\":[{\"@type\":\"ListItem\",\"position\":1,\"name\":\"Startseite\",\"item\":\"https:\/\/www.7media.de\/blog\/\"},{\"@type\":\"ListItem\",\"position\":2,\"name\":\"Neu: SEO &#038; Content Coaching &#8211; Online!\"}]},{\"@type\":\"WebSite\",\"@id\":\"https:\/\/www.7media.de\/blog\/#website\",\"url\":\"https:\/\/www.7media.de\/blog\/\",\"name\":\"7media - SEO by Content Blog\",\"description\":\"Webdesign und Search Everywhere Optimierung\",\"publisher\":{\"@id\":\"https:\/\/www.7media.de\/blog\/#\/schema\/person\/b336f947a697be05863d1fc636a6f29b\"},\"potentialAction\":[{\"@type\":\"SearchAction\",\"target\":{\"@type\":\"EntryPoint\",\"urlTemplate\":\"https:\/\/www.7media.de\/blog\/?s={search_term_string}\"},\"query-input\":\"required name=search_term_string\"}],\"inLanguage\":\"de\"},{\"@type\":[\"Person\",\"Organization\"],\"@id\":\"https:\/\/www.7media.de\/blog\/#\/schema\/person\/b336f947a697be05863d1fc636a6f29b\",\"name\":\"Heinz-G\u00fcnter Weber\",\"image\":{\"@type\":\"ImageObject\",\"inLanguage\":\"de\",\"@id\":\"https:\/\/www.7media.de\/blog\/#\/schema\/person\/image\/\",\"url\":\"https:\/\/www.7media.de\/blog\/wp-content\/uploads\/2017\/09\/Element-1.png\",\"contentUrl\":\"https:\/\/www.7media.de\/blog\/wp-content\/uploads\/2017\/09\/Element-1.png\",\"width\":722,\"height\":284,\"caption\":\"Heinz-G\u00fcnter Weber\"},\"logo\":{\"@id\":\"https:\/\/www.7media.de\/blog\/#\/schema\/person\/image\/\"},\"sameAs\":[\"https:\/\/www.facebook.com\/7media\",\"https:\/\/www.linkedin.com\/in\/7media\/\",\"https:\/\/www.youtube.com\/c\/7mediaDe\"]}]}<\/script>\n<!-- \/ Yoast SEO plugin. -->","yoast_head_json":{"title":"SEO & Content Coaching von 7media","robots":{"index":"index","follow":"follow","max-snippet":"max-snippet:-1","max-image-preview":"max-image-preview:large","max-video-preview":"max-video-preview:-1"},"canonical":"https:\/\/www.7media.de\/blog\/seo-online-beratung\/","og_locale":"de_DE","og_type":"article","og_title":"SEO & Content Coaching von 7media","og_description":"Zum Artikel &raquo;","og_url":"https:\/\/www.7media.de\/blog\/seo-online-beratung\/","og_site_name":"7media - SEO by Content Blog","article_publisher":"https:\/\/www.facebook.com\/7media","article_modified_time":"2022-11-06T15:53:48+00:00","og_image":[{"width":1920,"height":1280,"url":"https:\/\/www.7media.de\/blog\/wp-content\/uploads\/2018\/12\/settings-265131_1920.jpg","type":"image\/jpeg"}],"twitter_card":"summary_large_image","twitter_misc":{"Gesch\u00e4tzte Lesezeit":"4\u00a0Minuten"},"schema":{"@context":"https:\/\/schema.org","@graph":[{"@type":"WebPage","@id":"https:\/\/www.7media.de\/blog\/seo-online-beratung\/","url":"https:\/\/www.7media.de\/blog\/seo-online-beratung\/","name":"SEO & Content Coaching von 7media","isPartOf":{"@id":"https:\/\/www.7media.de\/blog\/#website"},"datePublished":"2016-10-16T15:33:33+00:00","dateModified":"2022-11-06T15:53:48+00:00","breadcrumb":{"@id":"https:\/\/www.7media.de\/blog\/seo-online-beratung\/#breadcrumb"},"inLanguage":"de","potentialAction":[{"@type":"ReadAction","target":["https:\/\/www.7media.de\/blog\/seo-online-beratung\/"]}]},{"@type":"BreadcrumbList","@id":"https:\/\/www.7media.de\/blog\/seo-online-beratung\/#breadcrumb","itemListElement":[{"@type":"ListItem","position":1,"name":"Startseite","item":"https:\/\/www.7media.de\/blog\/"},{"@type":"ListItem","position":2,"name":"Neu: SEO &#038; Content Coaching &#8211; Online!"}]},{"@type":"WebSite","@id":"https:\/\/www.7media.de\/blog\/#website","url":"https:\/\/www.7media.de\/blog\/","name":"7media - SEO by Content Blog","description":"Webdesign und Search Everywhere Optimierung","publisher":{"@id":"https:\/\/www.7media.de\/blog\/#\/schema\/person\/b336f947a697be05863d1fc636a6f29b"},"potentialAction":[{"@type":"SearchAction","target":{"@type":"EntryPoint","urlTemplate":"https:\/\/www.7media.de\/blog\/?s={search_term_string}"},"query-input":"required name=search_term_string"}],"inLanguage":"de"},{"@type":["Person","Organization"],"@id":"https:\/\/www.7media.de\/blog\/#\/schema\/person\/b336f947a697be05863d1fc636a6f29b","name":"Heinz-G\u00fcnter Weber","image":{"@type":"ImageObject","inLanguage":"de","@id":"https:\/\/www.7media.de\/blog\/#\/schema\/person\/image\/","url":"https:\/\/www.7media.de\/blog\/wp-content\/uploads\/2017\/09\/Element-1.png","contentUrl":"https:\/\/www.7media.de\/blog\/wp-content\/uploads\/2017\/09\/Element-1.png","width":722,"height":284,"caption":"Heinz-G\u00fcnter Weber"},"logo":{"@id":"https:\/\/www.7media.de\/blog\/#\/schema\/person\/image\/"},"sameAs":["https:\/\/www.facebook.com\/7media","https:\/\/www.linkedin.com\/in\/7media\/","https:\/\/www.youtube.com\/c\/7mediaDe"]}]}},"_links":{"self":[{"href":"https:\/\/www.7media.de\/blog\/wp-json\/wp\/v2\/pages\/37"}],"collection":[{"href":"https:\/\/www.7media.de\/blog\/wp-json\/wp\/v2\/pages"}],"about":[{"href":"https:\/\/www.7media.de\/blog\/wp-json\/wp\/v2\/types\/page"}],"author":[{"embeddable":true,"href":"https:\/\/www.7media.de\/blog\/wp-json\/wp\/v2\/users\/1"}],"replies":[{"embeddable":true,"href":"https:\/\/www.7media.de\/blog\/wp-json\/wp\/v2\/comments?post=37"}],"version-history":[{"count":131,"href":"https:\/\/www.7media.de\/blog\/wp-json\/wp\/v2\/pages\/37\/revisions"}],"predecessor-version":[{"id":3675,"href":"https:\/\/www.7media.de\/blog\/wp-json\/wp\/v2\/pages\/37\/revisions\/3675"}],"wp:attachment":[{"href":"https:\/\/www.7media.de\/blog\/wp-json\/wp\/v2\/media?parent=37"}],"curies":[{"name":"wp","href":"https:\/\/api.w.org\/{rel}","templated":true}]}}